{"id":82,"date":"2024-02-07T12:51:13","date_gmt":"2024-02-07T15:51:13","guid":{"rendered":"https:\/\/helpety.com.br\/?post_type=product&#038;p=82"},"modified":"2025-12-26T10:28:35","modified_gmt":"2025-12-26T13:28:35","slug":"roupa-cirurgica-para-gato-unisex","status":"publish","type":"product","link":"https:\/\/helpety.com.br\/index.php\/produto\/roupa-cirurgica-para-gato-unisex\/","title":{"rendered":"Roupa P\u00f3s-Cir\u00fargica Gato &#8211; Unissex"},"content":{"rendered":"<p data-start=\"0\" data-end=\"71\"><strong data-start=\"0\" data-end=\"69\">Roupas P\u00f3s-Cir\u00fargicas para Gato: Conforto, Prote\u00e7\u00e3o e Praticidade<\/strong><\/p>\n<p data-start=\"73\" data-end=\"357\">Nossa <strong data-start=\"79\" data-end=\"112\">roupa p\u00f3s-cir\u00fargica para gato<\/strong> foi desenvolvida para proporcionar m\u00e1xima seguran\u00e7a e conforto durante a recupera\u00e7\u00e3o do seu felino. Ideal para gatos e gatas, este produto protege a \u00e1rea operada, evitando que o pet lamba ou arranhe os pontos e, assim, acelera a cicatriza\u00e7\u00e3o.<\/p>\n<p data-start=\"359\" data-end=\"392\"><strong data-start=\"359\" data-end=\"390\">Caracter\u00edsticas Principais:<\/strong><\/p>\n<ul data-start=\"393\" data-end=\"887\">\n<li data-start=\"393\" data-end=\"492\"><strong data-start=\"395\" data-end=\"407\">Unissex:<\/strong> Projetada para oferecer o ajuste perfeito para qualquer gato, seja macho ou f\u00eamea.<\/li>\n<li data-start=\"493\" data-end=\"604\"><strong data-start=\"495\" data-end=\"517\">Design Ergon\u00f4mico:<\/strong> Modela o corpo do pet, permitindo liberdade de movimento sem comprometer a prote\u00e7\u00e3o.<\/li>\n<li data-start=\"605\" data-end=\"700\"><strong data-start=\"607\" data-end=\"632\">Fechamento com Z\u00edper:<\/strong> Facilita a coloca\u00e7\u00e3o e remo\u00e7\u00e3o, minimizando o estresse do animal.<\/li>\n<\/ul>\n<p data-start=\"889\" data-end=\"906\"><strong data-start=\"889\" data-end=\"904\">Benef\u00edcios:<\/strong><\/p>\n<ul data-start=\"907\" data-end=\"1326\">\n<li data-start=\"907\" data-end=\"993\"><strong data-start=\"909\" data-end=\"938\">Conforto e Tranquilidade:<\/strong> Garante que seu gato se recupere com total conforto.<\/li>\n<li data-start=\"994\" data-end=\"1091\"><strong data-start=\"996\" data-end=\"1027\">Prote\u00e7\u00e3o da \u00c1rea Cir\u00fargica:<\/strong> Previne infec\u00e7\u00f5es e danos causados pela lambida ou arranh\u00f5es.<\/li>\n<li data-start=\"1092\" data-end=\"1201\"><strong data-start=\"1094\" data-end=\"1122\">Praticidade para o Dono:<\/strong> Facilita a higieniza\u00e7\u00e3o e troca do produto, mantendo a seguran\u00e7a do seu pet.<\/li>\n<li data-start=\"1202\" data-end=\"1326\"><strong data-start=\"1204\" data-end=\"1231\">Estilo e Versatilidade:<\/strong> Combina funcionalidade com um visual elegante, perfeito para quem busca qualidade e bom gosto.<\/li>\n<\/ul>\n<p data-start=\"1328\" data-end=\"1711\">Adquira j\u00e1 a sua <strong data-start=\"1345\" data-end=\"1378\">roupa p\u00f3s cir\u00fargica para gato<\/strong> e ofere\u00e7a o melhor cuidado para o seu felino no p\u00f3s-operat\u00f3rio! Seja para um gato macho ou f\u00eamea, nossa <strong data-start=\"1613\" data-end=\"1646\">roupa pos cirurgica para gato<\/strong> \u00e9 a escolha certa para quem n\u00e3o abre m\u00e3o de prote\u00e7\u00e3o e conforto.<\/p>\n<p data-start=\"1328\" data-end=\"1711\">Pet que usa Helpety, d\u00e1 match!<\/p>\n","protected":false},"excerpt":{"rendered":"<p>Roupas P\u00f3s-Cir\u00fargicas para Gato: Conforto, Prote\u00e7\u00e3o e Praticidade Nossa roupa p\u00f3s-cir\u00fargica para gato foi desenvolvida para proporcionar m\u00e1xima seguran\u00e7a e conforto durante a recupera\u00e7\u00e3o do seu felino. Ideal para gatos e gatas, este produto protege a \u00e1rea operada, evitando que o pet lamba ou arranhe os pontos e, assim, acelera a cicatriza\u00e7\u00e3o. Caracter\u00edsticas Principais: Unissex: Projetada para oferecer o ajuste perfeito para qualquer gato, seja macho ou f\u00eamea. Design Ergon\u00f4mico: Modela o corpo do pet, permitindo liberdade de movimento sem comprometer a prote\u00e7\u00e3o. Fechamento com Z\u00edper: Facilita a coloca\u00e7\u00e3o e remo\u00e7\u00e3o, minimizando o estresse do animal. Benef\u00edcios: Conforto e Tranquilidade: Garante que seu gato se recupere com total conforto. Prote\u00e7\u00e3o da \u00c1rea Cir\u00fargica: Previne infec\u00e7\u00f5es e danos causados pela lambida ou arranh\u00f5es. Praticidade para o Dono: Facilita a higieniza\u00e7\u00e3o e troca do produto, mantendo a seguran\u00e7a do seu pet. Estilo e Versatilidade: Combina funcionalidade com um visual elegante, perfeito para quem busca qualidade e bom gosto. Adquira j\u00e1 a sua roupa p\u00f3s cir\u00fargica para gato e ofere\u00e7a o melhor cuidado para o seu felino no p\u00f3s-operat\u00f3rio! Seja para um gato macho ou f\u00eamea, nossa roupa pos cirurgica para gato \u00e9 a escolha certa para quem n\u00e3o abre m\u00e3o de prote\u00e7\u00e3o e conforto. Pet que usa Helpety, d\u00e1 match!<\/p>\n","protected":false},"featured_media":310,"comment_status":"open","ping_status":"closed","template":"","meta":{"_joinchat":[]},"product_brand":[],"product_cat":[19],"product_tag":[23,20,22,21],"class_list":{"0":"post-82","1":"product","2":"type-product","3":"status-publish","4":"has-post-thumbnail","6":"product_cat-roupa-cirurgica-para-gato","7":"product_tag-roupa-cirurgica-para-gata","8":"product_tag-roupa-cirurgica-para-gato","9":"product_tag-roupa-pos-cirurgica-gato","10":"product_tag-roupa-pos-cirurgica-para-gato","12":"first","13":"instock","14":"taxable","15":"shipping-taxable","16":"purchasable","17":"product-type-variable"},"yoast_head":"<!-- This site is optimized with the Yoast SEO plugin v27.5 - https:\/\/yoast.com\/product\/yoast-seo-wordpress\/ -->\n<title>Roupa P\u00f3s-Cir\u00fargica Gato - Unissex - HelPety<\/title>\n<meta name=\"robots\" content=\"index, follow, max-snippet:-1, max-image-preview:large, max-video-preview:-1\" \/>\n<link rel=\"canonical\" href=\"https:\/\/helpety.com.br\/index.php\/produto\/roupa-cirurgica-para-gato-unisex\/\" \/>\n<meta property=\"og:locale\" content=\"pt_BR\" \/>\n<meta property=\"og:type\" content=\"article\" \/>\n<meta property=\"og:title\" content=\"Roupa P\u00f3s-Cir\u00fargica Gato - Unissex - HelPety\" \/>\n<meta property=\"og:description\" content=\"Roupas P\u00f3s-Cir\u00fargicas para Gato: Conforto, Prote\u00e7\u00e3o e Praticidade Nossa roupa p\u00f3s-cir\u00fargica para gato foi desenvolvida para proporcionar m\u00e1xima seguran\u00e7a e conforto durante a recupera\u00e7\u00e3o do seu felino. Ideal para gatos e gatas, este produto protege a \u00e1rea operada, evitando que o pet lamba ou arranhe os pontos e, assim, acelera a cicatriza\u00e7\u00e3o. Caracter\u00edsticas Principais: Unissex: Projetada para oferecer o ajuste perfeito para qualquer gato, seja macho ou f\u00eamea. Design Ergon\u00f4mico: Modela o corpo do pet, permitindo liberdade de movimento sem comprometer a prote\u00e7\u00e3o. Fechamento com Z\u00edper: Facilita a coloca\u00e7\u00e3o e remo\u00e7\u00e3o, minimizando o estresse do animal. Benef\u00edcios: Conforto e Tranquilidade: Garante que seu gato se recupere com total conforto. Prote\u00e7\u00e3o da \u00c1rea Cir\u00fargica: Previne infec\u00e7\u00f5es e danos causados pela lambida ou arranh\u00f5es. Praticidade para o Dono: Facilita a higieniza\u00e7\u00e3o e troca do produto, mantendo a seguran\u00e7a do seu pet. Estilo e Versatilidade: Combina funcionalidade com um visual elegante, perfeito para quem busca qualidade e bom gosto. Adquira j\u00e1 a sua roupa p\u00f3s cir\u00fargica para gato e ofere\u00e7a o melhor cuidado para o seu felino no p\u00f3s-operat\u00f3rio! Seja para um gato macho ou f\u00eamea, nossa roupa pos cirurgica para gato \u00e9 a escolha certa para quem n\u00e3o abre m\u00e3o de prote\u00e7\u00e3o e conforto. Pet que usa Helpety, d\u00e1 match!\" \/>\n<meta property=\"og:url\" content=\"https:\/\/helpety.com.br\/index.php\/produto\/roupa-cirurgica-para-gato-unisex\/\" \/>\n<meta property=\"og:site_name\" content=\"HelPety\" \/>\n<meta property=\"article:publisher\" content=\"https:\/\/www.facebook.com\/helpety\/\" \/>\n<meta property=\"article:modified_time\" content=\"2025-12-26T13:28:35+00:00\" \/>\n<meta property=\"og:image\" content=\"https:\/\/helpety.com.br\/wp-content\/uploads\/2024\/02\/roupa-cirurgica-para-gato-5.png\" \/>\n\t<meta property=\"og:image:width\" content=\"500\" \/>\n\t<meta property=\"og:image:height\" content=\"500\" \/>\n\t<meta property=\"og:image:type\" content=\"image\/png\" \/>\n<meta name=\"twitter:card\" content=\"summary_large_image\" \/>\n<meta name=\"twitter:label1\" content=\"Est. tempo de leitura\" \/>\n\t<meta name=\"twitter:data1\" content=\"2 minutos\" \/>\n<script type=\"application\/ld+json\" class=\"yoast-schema-graph\">{\"@context\":\"https:\\\/\\\/schema.org\",\"@graph\":[{\"@type\":\"WebPage\",\"@id\":\"https:\\\/\\\/helpety.com.br\\\/index.php\\\/produto\\\/roupa-cirurgica-para-gato-unisex\\\/\",\"url\":\"https:\\\/\\\/helpety.com.br\\\/index.php\\\/produto\\\/roupa-cirurgica-para-gato-unisex\\\/\",\"name\":\"Roupa P\u00f3s-Cir\u00fargica Gato - Unissex - HelPety\",\"isPartOf\":{\"@id\":\"https:\\\/\\\/helpety.com.br\\\/#website\"},\"primaryImageOfPage\":{\"@id\":\"https:\\\/\\\/helpety.com.br\\\/index.php\\\/produto\\\/roupa-cirurgica-para-gato-unisex\\\/#primaryimage\"},\"image\":{\"@id\":\"https:\\\/\\\/helpety.com.br\\\/index.php\\\/produto\\\/roupa-cirurgica-para-gato-unisex\\\/#primaryimage\"},\"thumbnailUrl\":\"https:\\\/\\\/helpety.com.br\\\/wp-content\\\/uploads\\\/2024\\\/02\\\/roupa-cirurgica-para-gato-5.png\",\"datePublished\":\"2024-02-07T15:51:13+00:00\",\"dateModified\":\"2025-12-26T13:28:35+00:00\",\"breadcrumb\":{\"@id\":\"https:\\\/\\\/helpety.com.br\\\/index.php\\\/produto\\\/roupa-cirurgica-para-gato-unisex\\\/#breadcrumb\"},\"inLanguage\":\"pt-BR\",\"potentialAction\":[{\"@type\":\"ReadAction\",\"target\":[\"https:\\\/\\\/helpety.com.br\\\/index.php\\\/produto\\\/roupa-cirurgica-para-gato-unisex\\\/\"]}]},{\"@type\":\"ImageObject\",\"inLanguage\":\"pt-BR\",\"@id\":\"https:\\\/\\\/helpety.com.br\\\/index.php\\\/produto\\\/roupa-cirurgica-para-gato-unisex\\\/#primaryimage\",\"url\":\"https:\\\/\\\/helpety.com.br\\\/wp-content\\\/uploads\\\/2024\\\/02\\\/roupa-cirurgica-para-gato-5.png\",\"contentUrl\":\"https:\\\/\\\/helpety.com.br\\\/wp-content\\\/uploads\\\/2024\\\/02\\\/roupa-cirurgica-para-gato-5.png\",\"width\":500,\"height\":500,\"caption\":\"roupa cir\u00fargica para gato\"},{\"@type\":\"BreadcrumbList\",\"@id\":\"https:\\\/\\\/helpety.com.br\\\/index.php\\\/produto\\\/roupa-cirurgica-para-gato-unisex\\\/#breadcrumb\",\"itemListElement\":[{\"@type\":\"ListItem\",\"position\":1,\"name\":\"In\u00edcio\",\"item\":\"https:\\\/\\\/helpety.com.br\\\/\"},{\"@type\":\"ListItem\",\"position\":2,\"name\":\"Loja\",\"item\":\"https:\\\/\\\/helpety.com.br\\\/index.php\\\/e-commerce\\\/\"},{\"@type\":\"ListItem\",\"position\":3,\"name\":\"Roupa P\u00f3s-Cir\u00fargica Gato &#8211; Unissex\"}]},{\"@type\":\"WebSite\",\"@id\":\"https:\\\/\\\/helpety.com.br\\\/#website\",\"url\":\"https:\\\/\\\/helpety.com.br\\\/\",\"name\":\"HelPety\",\"description\":\"\",\"publisher\":{\"@id\":\"https:\\\/\\\/helpety.com.br\\\/#organization\"},\"potentialAction\":[{\"@type\":\"SearchAction\",\"target\":{\"@type\":\"EntryPoint\",\"urlTemplate\":\"https:\\\/\\\/helpety.com.br\\\/?s={search_term_string}\"},\"query-input\":{\"@type\":\"PropertyValueSpecification\",\"valueRequired\":true,\"valueName\":\"search_term_string\"}}],\"inLanguage\":\"pt-BR\"},{\"@type\":\"Organization\",\"@id\":\"https:\\\/\\\/helpety.com.br\\\/#organization\",\"name\":\"HelPety\",\"url\":\"https:\\\/\\\/helpety.com.br\\\/\",\"logo\":{\"@type\":\"ImageObject\",\"inLanguage\":\"pt-BR\",\"@id\":\"https:\\\/\\\/helpety.com.br\\\/#\\\/schema\\\/logo\\\/image\\\/\",\"url\":\"https:\\\/\\\/helpety.com.br\\\/wp-content\\\/uploads\\\/2024\\\/02\\\/HelPety-removebg-preview.png\",\"contentUrl\":\"https:\\\/\\\/helpety.com.br\\\/wp-content\\\/uploads\\\/2024\\\/02\\\/HelPety-removebg-preview.png\",\"width\":204,\"height\":204,\"caption\":\"HelPety\"},\"image\":{\"@id\":\"https:\\\/\\\/helpety.com.br\\\/#\\\/schema\\\/logo\\\/image\\\/\"},\"sameAs\":[\"https:\\\/\\\/www.facebook.com\\\/helpety\\\/\"]}]}<\/script>\n<!-- \/ Yoast SEO plugin. -->","yoast_head_json":{"title":"Roupa P\u00f3s-Cir\u00fargica Gato - Unissex - HelPety","robots":{"index":"index","follow":"follow","max-snippet":"max-snippet:-1","max-image-preview":"max-image-preview:large","max-video-preview":"max-video-preview:-1"},"canonical":"https:\/\/helpety.com.br\/index.php\/produto\/roupa-cirurgica-para-gato-unisex\/","og_locale":"pt_BR","og_type":"article","og_title":"Roupa P\u00f3s-Cir\u00fargica Gato - Unissex - HelPety","og_description":"Roupas P\u00f3s-Cir\u00fargicas para Gato: Conforto, Prote\u00e7\u00e3o e Praticidade Nossa roupa p\u00f3s-cir\u00fargica para gato foi desenvolvida para proporcionar m\u00e1xima seguran\u00e7a e conforto durante a recupera\u00e7\u00e3o do seu felino. Ideal para gatos e gatas, este produto protege a \u00e1rea operada, evitando que o pet lamba ou arranhe os pontos e, assim, acelera a cicatriza\u00e7\u00e3o. Caracter\u00edsticas Principais: Unissex: Projetada para oferecer o ajuste perfeito para qualquer gato, seja macho ou f\u00eamea. Design Ergon\u00f4mico: Modela o corpo do pet, permitindo liberdade de movimento sem comprometer a prote\u00e7\u00e3o. Fechamento com Z\u00edper: Facilita a coloca\u00e7\u00e3o e remo\u00e7\u00e3o, minimizando o estresse do animal. Benef\u00edcios: Conforto e Tranquilidade: Garante que seu gato se recupere com total conforto. Prote\u00e7\u00e3o da \u00c1rea Cir\u00fargica: Previne infec\u00e7\u00f5es e danos causados pela lambida ou arranh\u00f5es. Praticidade para o Dono: Facilita a higieniza\u00e7\u00e3o e troca do produto, mantendo a seguran\u00e7a do seu pet. Estilo e Versatilidade: Combina funcionalidade com um visual elegante, perfeito para quem busca qualidade e bom gosto. Adquira j\u00e1 a sua roupa p\u00f3s cir\u00fargica para gato e ofere\u00e7a o melhor cuidado para o seu felino no p\u00f3s-operat\u00f3rio! Seja para um gato macho ou f\u00eamea, nossa roupa pos cirurgica para gato \u00e9 a escolha certa para quem n\u00e3o abre m\u00e3o de prote\u00e7\u00e3o e conforto. Pet que usa Helpety, d\u00e1 match!","og_url":"https:\/\/helpety.com.br\/index.php\/produto\/roupa-cirurgica-para-gato-unisex\/","og_site_name":"HelPety","article_publisher":"https:\/\/www.facebook.com\/helpety\/","article_modified_time":"2025-12-26T13:28:35+00:00","og_image":[{"width":500,"height":500,"url":"https:\/\/helpety.com.br\/wp-content\/uploads\/2024\/02\/roupa-cirurgica-para-gato-5.png","type":"image\/png"}],"twitter_card":"summary_large_image","twitter_misc":{"Est. tempo de leitura":"2 minutos"},"schema":{"@context":"https:\/\/schema.org","@graph":[{"@type":"WebPage","@id":"https:\/\/helpety.com.br\/index.php\/produto\/roupa-cirurgica-para-gato-unisex\/","url":"https:\/\/helpety.com.br\/index.php\/produto\/roupa-cirurgica-para-gato-unisex\/","name":"Roupa P\u00f3s-Cir\u00fargica Gato - Unissex - HelPety","isPartOf":{"@id":"https:\/\/helpety.com.br\/#website"},"primaryImageOfPage":{"@id":"https:\/\/helpety.com.br\/index.php\/produto\/roupa-cirurgica-para-gato-unisex\/#primaryimage"},"image":{"@id":"https:\/\/helpety.com.br\/index.php\/produto\/roupa-cirurgica-para-gato-unisex\/#primaryimage"},"thumbnailUrl":"https:\/\/helpety.com.br\/wp-content\/uploads\/2024\/02\/roupa-cirurgica-para-gato-5.png","datePublished":"2024-02-07T15:51:13+00:00","dateModified":"2025-12-26T13:28:35+00:00","breadcrumb":{"@id":"https:\/\/helpety.com.br\/index.php\/produto\/roupa-cirurgica-para-gato-unisex\/#breadcrumb"},"inLanguage":"pt-BR","potentialAction":[{"@type":"ReadAction","target":["https:\/\/helpety.com.br\/index.php\/produto\/roupa-cirurgica-para-gato-unisex\/"]}]},{"@type":"ImageObject","inLanguage":"pt-BR","@id":"https:\/\/helpety.com.br\/index.php\/produto\/roupa-cirurgica-para-gato-unisex\/#primaryimage","url":"https:\/\/helpety.com.br\/wp-content\/uploads\/2024\/02\/roupa-cirurgica-para-gato-5.png","contentUrl":"https:\/\/helpety.com.br\/wp-content\/uploads\/2024\/02\/roupa-cirurgica-para-gato-5.png","width":500,"height":500,"caption":"roupa cir\u00fargica para gato"},{"@type":"BreadcrumbList","@id":"https:\/\/helpety.com.br\/index.php\/produto\/roupa-cirurgica-para-gato-unisex\/#breadcrumb","itemListElement":[{"@type":"ListItem","position":1,"name":"In\u00edcio","item":"https:\/\/helpety.com.br\/"},{"@type":"ListItem","position":2,"name":"Loja","item":"https:\/\/helpety.com.br\/index.php\/e-commerce\/"},{"@type":"ListItem","position":3,"name":"Roupa P\u00f3s-Cir\u00fargica Gato &#8211; Unissex"}]},{"@type":"WebSite","@id":"https:\/\/helpety.com.br\/#website","url":"https:\/\/helpety.com.br\/","name":"HelPety","description":"","publisher":{"@id":"https:\/\/helpety.com.br\/#organization"},"potentialAction":[{"@type":"SearchAction","target":{"@type":"EntryPoint","urlTemplate":"https:\/\/helpety.com.br\/?s={search_term_string}"},"query-input":{"@type":"PropertyValueSpecification","valueRequired":true,"valueName":"search_term_string"}}],"inLanguage":"pt-BR"},{"@type":"Organization","@id":"https:\/\/helpety.com.br\/#organization","name":"HelPety","url":"https:\/\/helpety.com.br\/","logo":{"@type":"ImageObject","inLanguage":"pt-BR","@id":"https:\/\/helpety.com.br\/#\/schema\/logo\/image\/","url":"https:\/\/helpety.com.br\/wp-content\/uploads\/2024\/02\/HelPety-removebg-preview.png","contentUrl":"https:\/\/helpety.com.br\/wp-content\/uploads\/2024\/02\/HelPety-removebg-preview.png","width":204,"height":204,"caption":"HelPety"},"image":{"@id":"https:\/\/helpety.com.br\/#\/schema\/logo\/image\/"},"sameAs":["https:\/\/www.facebook.com\/helpety\/"]}]}},"jetpack_sharing_enabled":true,"_links":{"self":[{"href":"https:\/\/helpety.com.br\/index.php\/wp-json\/wp\/v2\/product\/82","targetHints":{"allow":["GET"]}}],"collection":[{"href":"https:\/\/helpety.com.br\/index.php\/wp-json\/wp\/v2\/product"}],"about":[{"href":"https:\/\/helpety.com.br\/index.php\/wp-json\/wp\/v2\/types\/product"}],"replies":[{"embeddable":true,"href":"https:\/\/helpety.com.br\/index.php\/wp-json\/wp\/v2\/comments?post=82"}],"wp:featuredmedia":[{"embeddable":true,"href":"https:\/\/helpety.com.br\/index.php\/wp-json\/wp\/v2\/media\/310"}],"wp:attachment":[{"href":"https:\/\/helpety.com.br\/index.php\/wp-json\/wp\/v2\/media?parent=82"}],"wp:term":[{"taxonomy":"product_brand","embeddable":true,"href":"https:\/\/helpety.com.br\/index.php\/wp-json\/wp\/v2\/product_brand?post=82"},{"taxonomy":"product_cat","embeddable":true,"href":"https:\/\/helpety.com.br\/index.php\/wp-json\/wp\/v2\/product_cat?post=82"},{"taxonomy":"product_tag","embeddable":true,"href":"https:\/\/helpety.com.br\/index.php\/wp-json\/wp\/v2\/product_tag?post=82"}],"curies":[{"name":"wp","href":"https:\/\/api.w.org\/{rel}","templated":true}]}}